.
24
Suppose -3 = -3*c + 150. Calculate the remainder when 611 is divided by c.
50
Let g = -7 + 33. Let o = 44 - 76. Calculate the remainder when g is divided by 168/o*((-2)/3 + -2).
12
Let i = -80 - -76. Suppose -4*c + 6 = -7*c. What is the remainder when 37 is divided by (i - (1 + c)) + 13?
7
What is the remainder when 165 is divided by (-4)/(-34) + (-6 - 3309/(-51))?
47
Let l(j) = -73*j**2 + 74*j**2 + 1 - 4*j + 10*j**3 + 2*j - j. What is the remainder when 132 is divided by l(1)?
6
Calculate the remainder when 30 is divided by -12 - 970/(-35) - 2/(-7).
14
Suppose -p = -3*p + 30. What is the remainder when p is divided by (-30)/(-5)*(-18)/(-12)?
6
Calculate the remainder when ((-130)/15)/(4/(-204)) is divided by 111.
109
Suppose -7*q + 193 = -122. What is the remainder when 177 is divided by q?
42
Let q = -14 + 26. Suppose -3 = h - 5. Suppose 3*y - h*v - 21 = -0*v, 3*y = -v + q. What is the remainder when 9 is divided by y?
4
Suppose -288 = 9*t - 15*t. Suppose 4*a - 54 = 22. What is the remainder when t is divided by a?
10
Suppose -2*t + 31 - 5 = 0. What is the remainder when 57510/(-675)*5/(-3) is divided by t?
12
What is the remainder when (-21)/(-49) - 1607/(-7) is divided by 11?
10
Suppose 5*i + 2*m - 43 = 0, 0 + 26 = 2*i + 3*m. Let o = -262 + 295. Calculate the remainder when o is divided by i.
5
Let u(p) = 16*p - 40. Suppose -191 = -3*h + 163. Calculate the remainder when h is divided by u(4).
22
Let f(u) = 4*u**3 - 4*u**2 - 1. What is the remainder when f(3) is divided by ((-60)/(-25))/((-2)/(-15))?
17
Let v be 1/((-12)/(-8)*(-2)/(-12)). Suppose 3*a - 4*a = 2*d - 27, v = d. What is the remainder when 35 is divided by a?
16
Suppose -5*a + 3 = -22. Suppose 279 = 20*b - 261. What is the remainder when b is divided by a?
2
Let p = 1272 + -1252. What is the remainder when 898 is divided by p?
18
Let y = 131 - 96. Suppose 0 = 4*n - 3*n - 14. What is the remainder when y is divided by n?
7
Suppose 2*t - 14 = 3*r, -2*t + 2 = -5*r - 28. Let g be -22*2*2/(-8). Let u = r + g. What is the remainder when 12 is divided by u?
0
Calculate the remainder when (-3)/7 - (-26622)/378 is divided by 11.
4
Calculate the remainder when ((-2)/6)/((-57)/96786) is divided by 27.
26
Let j(i) be the first derivative of i**3/3 + 7*i - 20. What is the remainder when 28 is divided by j(0)?
0
Let d(c) = c**3 + 13*c**2 + 22*c + 23. Calculate the remainder when d(-8) is divided by 36.
23
Suppose -4*s - 126 = -2*n, 5*n - 2*n - 225 = -3*s. Suppose -4*z = -n + 51. What is the remainder when 7 is divided by z?
2
Let q = -12107 - -12115. Suppose -3*n - n = 0. What is the remainder when -1 + (15 - -1) - n is divided by q?
7
Suppose -f - 3*r + 5 = 0, f + 0*r = -r + 3. Let z(q) = q - 38*q**2 - 30*q**2 + 77*q**2 + f. Calculate the remainder when z(3) is divided by 22.
20
Suppose -a + 2348 = 4*w, 0 = -5*a - 0 - 20. What is the remainder when w is divided by 74?
70
Let m = -22 - -23. Suppose 11 = 3*j - m. Suppose -4*h - 5*l + 40 = -h, 2*h + 3*l = 26. What is the remainder when h is divided by j?
2
Let g = 80 + -164. What is the remainder when 6 is divided by (g/(-22) - 4) + (-46)/(-11)?
2
Let w = 116 + 77. Let d = 274 - w. Suppose 4*y = d - 9. What is the remainder when 69 is divided by y?
15
Suppose 11*h - 105 - 60 = 0. Calculate the remainder when 313 is divided by h.
13
Let y(n) = 2*n**2 + 56*n - 41. What is the remainder when y(-31) is divided by 49?
47
Let c be (1 - 6/3)*(-9 + 10). Let y = 6 + 2. Calculate the remainder when y is divided by (45/18)/(c/(-2)).
3
Suppose 301 = 3*y + f, 0 = -5*y - 3*f + 483 + 20. Calculate the remainder when y is divided by 42.
16
Let h(g) = g**2 - 13*g - 53. Calculate the remainder when 73 is divided by h(-5).
36
Suppose 6*u + 156 = 3*s + u, 0 = -4*s + u + 225. What is the remainder when s is divided by 795/27 - 244/549?
28
Let i(b) = 8*b**2 + 13*b - 9. Calculate the remainder when 189 is divided by i(-3).
21
Calculate the remainder when 2/(-8) + 7476/16 is divided by 78.
77
Suppose -47*v + 550 = -42*v. What is the remainder when v is divided by 29?
23
Let c be -12*1*2/(-8)*-4. Let v = 100 + c. Calculate the remainder when v is divided by 15.
13
Let i be 78/4*32/24. Suppose -4*u - i + 102 = 0. Calculate the remainder when 75 is divided by u.
18
Let o = -25 + 71. What is the remainder when o is divided by 8?
6
Let x = -76 + 164. Let i = -43 + x. What is the remainder when i is divided by 8?
5
Suppose -t = -4 - 1, -t - 874 = -3*w. What is the remainder when w is divided by 95?
8
Let r(y) = -y**2 + 7*y. Let g be r(7). Let l = g + 39. Let c = l - 20. Calculate the remainder when c is divided by 11.
8
Suppose -2*y - 391 = -3*s + 441, -4*s - y + 1091 = 0. Let t = s + -177. Calculate the remainder when t is divided by 7.
6
Suppose 14*z = 10*z + 260. Let o = z - 51. Calculate the remainder when 66 is divided by o.
10
Let w = -2 - -18. Suppose -2*i - 2*d = -10, -4*i - 4*d + 2*d + w = 0. Suppose -i*a = 2*a - 150. What is the remainder when 57 is divided by a?
27
Suppose -16 = 9*b - 7*b. Calculate the remainder when 33 is divided by (b/3)/((-24)/108).
9
Let g(l) = 53*l - 5118. What is the remainder when g(98) is divided by (-11 + 1 + -1)*-1?
10
Let j(i) = -2*i + 59. Suppose -9 = -2*h + 5*p - 2*p, 0 = 3*h - 2*p - 6. What is the remainder when j(h) is divided by 16?
11
Let k(m) = 0 + 1 + 2*m**2 + 2*m + 0*m + m. Let u be k(-2). Let b = 28 - u. Calculate the remainder when b is divided by 13.
12
Let a = 2483 - 2369. What is the remainder when 2279 is divided by a?
113
Suppose 0 = 5*v + 3*n + 302, 159 = -2*v + 5*n + 32. Let j = 1 - v. Calculate the remainder when j is divided by 16.
14
Suppose -5*o - 9728 = 2*k, 5*k - 1924 = -o + 2*o. What is the remainder when 2/10 + o/(-30) is divided by (21 - 0/1) + 1?
21
Let p(b) = -b + 7. Let s(k) = -k + 12. Let a be s(7). Suppose -25 = 3*r + a. What is the remainder when 33 is divided by p(r)?
16
Suppose 77 - 27 = 5*r. What is the remainder when 29 is divided by 5/(-2 - r/(-4))?
9
Suppose -155*f + 1999 = -13501. What is the remainder when f is divided by 79?
21
Suppose 0 = -5*h - 5*n - 165, h - 4*n = 6*h + 166. Let x = 75 + -23. Let p = h + x. What is the remainder when 69 is divided by p?
15
Let s(w) = -w**2 - 8*w + 10. Let h be s(-10). Calculate the remainder when (-312)/h + (-5)/25 is divided by (-76)/(-10) - 8/(-20).
7
Suppose -12*d - 18 = -3*d. What is the remainder when 16 is divided by ((-36)/(-16))/((-27)/(-12) + d)?
7
Let r(j) = -j**3 - 8*j**2 - 15*j + 8. Calculate the remainder when 77 is divided by r(-6).
25
Let x = 94 - -62. Calculate the remainder when x is divided by 23.
18
Let f be ((-1)/(-3))/(8/48). Suppose 39 - 107 = -2*i - 2*w, 97 = 3*i - f*w. Calculate the remainder when i is divided by 17.
16
Suppose 2*i = -8, 0 = 8*t - 13*t + 5*i + 170. What is the remainder when 87 is divided by t?
27
Let p(t) = t**2 - 4*t + 9. Let y be p(0). Suppose y - 28 = -z. What is the remainder when 21 is divided by z?
2
Suppose -v + 5*m - 6 = 0, 5*v - m - 18 = -0*v. Let f be (-1)/2 + 30/v. Let h = 9 - f. Calculate the remainder when 2 is divided by h.
0
Let t(k) = 3*k + 34. Let f(v) = -2*v - 35. Let w(q) = -4*f(q) - 3*t(q). Calculate the remainder when w(14) is divided by 9.
6
Let b(k) = k + 1. Let h be b(3). Suppose -208 = 3*z - h*z. Suppose 7*v - 3*v = z. What is the remainder when v is divided by 18?
16
Let f = 53 - 31. Let a(h) = h**3 - 10*h**2 - 21*h - 11. Let d be a(12). Let v = d + f. Calculate the remainder when v is divided by 10.
7
Let u = -27 + 29. Suppose -5*j + 300 = u*k, 750 = -k + 6*k - 4*j. Calculate the remainder when (-20)/k + (-392)/(-15) is divided by 14.
12
Let f = -28 - -30. Suppose f*w + 5*v = -17, -6 = 3*v - v. Let p(r) = -10*r - 3. Calculate the remainder when p(w) is divided by 2.
1
What is the remainder when ((-306)/(-17) - 62)*(-3 - -1) is divided by 14?
4
Suppose 34*b = 262 - 24. What is the remainder when 236 is divided by b?
5
Let w be (3 - 2)*1 + 15. What is the remainder when (-506)/(-8) - 4/w is divided by 5/(-2)*(-2400)/375?
15
Let n(o) = -3*o**3 - 66*o**2 - 119*o + 45. Suppose 3*y - 5*y = -98. What is the remainder when y is divided by n(-20)?
24
Suppose -7*c = 5*c + 180. Let y = c + 78. What is the remainder when y is divided by 13?
11
Let c(h) = -h**2 + h + 8. Let t be c(6). Let z =